{"id":2719,"date":"2025-08-21T02:15:43","date_gmt":"2025-08-21T02:15:43","guid":{"rendered":"https:\/\/gossipafrique.com\/?page_id=2719"},"modified":"2025-12-03T22:05:46","modified_gmt":"2025-12-03T22:05:46","slug":"actualites","status":"publish","type":"page","link":"https:\/\/gossipafrique.com\/","title":{"rendered":"Actualit\u00e9s"},"content":{"rendered":"\n<div class=\"wp-block-query is-layout-flow wp-block-query-is-layout-flow\"><ul class=\"wp-block-post-template is-layout-flow wp-block-post-template-is-layout-flow\"><li class=\"wp-block-post post-3100 post type-post status-publish format-standard has-post-thumbnail hentry category-telerealite\">\n<h2 class=\"wp-block-post-title has-large-font-size\"><a href=\"https:\/\/gossipafrique.com\/?p=3100\" target=\"_self\" >Kaaty (Secret Story) accuse une personnalit\u00e9 influente des r\u00e9seaux sociaux de lui devoir une importante somme d\u2019argent<\/a><\/h2>\n\n<figure class=\"alignwide wp-block-post-featured-image\"><a href=\"https:\/\/gossipafrique.com\/?p=3100\" target=\"_self\"  ><img fetchpriority=\"high\" decoding=\"async\" width=\"1078\" height=\"854\" src=\"https:\/\/gossipafrique.com\/wp-content\/uploads\/2025\/12\/Screenshot_2025-12-30-00-47-45-07_1c337646f29875672b5a61192b9010f9.jpg\" class=\"attachment-post-thumbnail size-post-thumbnail wp-post-image\" alt=\"Kaaty (Secret Story) accuse une personnalit\u00e9 influente des r\u00e9seaux sociaux de lui devoir une importante somme d\u2019argent\" style=\"object-fit:cover;\" srcset=\"https:\/\/gossipafrique.com\/wp-content\/uploads\/2025\/12\/Screenshot_2025-12-30-00-47-45-07_1c337646f29875672b5a61192b9010f9.jpg 1078w, https:\/\/gossipafrique.com\/wp-content\/uploads\/2025\/12\/Screenshot_2025-12-30-00-47-45-07_1c337646f29875672b5a61192b9010f9-300x238.jpg 300w, https:\/\/gossipafrique.com\/wp-content\/uploads\/2025\/12\/Screenshot_2025-12-30-00-47-45-07_1c337646f29875672b5a61192b9010f9-1024x811.jpg 1024w, https:\/\/gossipafrique.com\/wp-content\/uploads\/2025\/12\/Screenshot_2025-12-30-00-47-45-07_1c337646f29875672b5a61192b9010f9-768x608.jpg 768w\" sizes=\"(max-width: 1078px) 100vw, 1078px\" \/><\/a><\/figure>\n\n<div class=\"wp-block-post-excerpt\"><p class=\"wp-block-post-excerpt__excerpt\">Depuis plusieurs jours, Kaaty, finaliste tr\u00e8s remarqu\u00e9e de Secret Story Afrique, fait parler d\u2019elle sur les r\u00e9seaux sociaux. Connue pour son franc-parler et sa forte pr\u00e9sence m\u00e9diatique depuis la fin de l\u2019\u00e9mission, la jeune femme traverse actuellement une p\u00e9riode de forte tension. En cause : un important conflit financier avec une personnalit\u00e9 bien connue des\u2026 <\/p><\/div>\n\n\n<hr class=\"wp-block-separator has-css-opacity\"\/>\n\n\n<div class=\"wp-block-post-date\"><time datetime=\"2025-12-29T23:53:47+00:00\">29\/12\/2025<\/time><\/div>\n<\/li><li class=\"wp-block-post post-3095 post type-post status-publish format-standard has-post-thumbnail hentry category-telerealite\">\n<h2 class=\"wp-block-post-title has-large-font-size\"><a href=\"https:\/\/gossipafrique.com\/?p=3095\" target=\"_self\" >France fait face aux critiques : pourquoi son absence de contenus interroge les internautes<\/a><\/h2>\n\n<figure class=\"alignwide wp-block-post-featured-image\"><a href=\"https:\/\/gossipafrique.com\/?p=3095\" target=\"_self\"  ><img decoding=\"async\" width=\"1080\" height=\"605\" src=\"https:\/\/gossipafrique.com\/wp-content\/uploads\/2025\/12\/Screenshot_2025-12-21-23-32-28-02_1c337646f29875672b5a61192b9010f9-1.jpg\" class=\"attachment-post-thumbnail size-post-thumbnail wp-post-image\" alt=\"France fait face aux critiques : pourquoi son absence de contenus interroge les internautes\" style=\"object-fit:cover;\" srcset=\"https:\/\/gossipafrique.com\/wp-content\/uploads\/2025\/12\/Screenshot_2025-12-21-23-32-28-02_1c337646f29875672b5a61192b9010f9-1.jpg 1080w, https:\/\/gossipafrique.com\/wp-content\/uploads\/2025\/12\/Screenshot_2025-12-21-23-32-28-02_1c337646f29875672b5a61192b9010f9-1-300x168.jpg 300w, https:\/\/gossipafrique.com\/wp-content\/uploads\/2025\/12\/Screenshot_2025-12-21-23-32-28-02_1c337646f29875672b5a61192b9010f9-1-1024x574.jpg 1024w, https:\/\/gossipafrique.com\/wp-content\/uploads\/2025\/12\/Screenshot_2025-12-21-23-32-28-02_1c337646f29875672b5a61192b9010f9-1-768x430.jpg 768w\" sizes=\"(max-width: 1080px) 100vw, 1080px\" \/><\/a><\/figure>\n\n<div class=\"wp-block-post-excerpt\"><p class=\"wp-block-post-excerpt__excerpt\">France faisait partie des finalistes de la deuxi\u00e8me saison de secret story afrique, aux c\u00f4t\u00e9s de candidats comme Moctar, Moussa, Jo\u00ebl et Sarah. France est connue pour \u00eatre rest\u00e9e elle-m\u00eame tout au long de l\u2019aventure, ce qui lui a permis de rallier une bonne partie du public avant la fin de la comp\u00e9tition. Son secret\u2026 <\/p><\/div>\n\n\n<hr class=\"wp-block-separator has-css-opacity\"\/>\n\n\n<div class=\"wp-block-post-date\"><time datetime=\"2025-12-27T15:56:39+00:00\">27\/12\/2025<\/time><\/div>\n<\/li><li class=\"wp-block-post post-3091 post type-post status-publish format-standard has-post-thumbnail hentry category-telerealite\">\n<h2 class=\"wp-block-post-title has-large-font-size\"><a href=\"https:\/\/gossipafrique.com\/?p=3091\" target=\"_self\" >Sarah recadre Hulda apr\u00e8s une pol\u00e9mique autour d\u2019une promesse financi\u00e8re<\/a><\/h2>\n\n<figure class=\"alignwide wp-block-post-featured-image\"><a href=\"https:\/\/gossipafrique.com\/?p=3091\" target=\"_self\"  ><img decoding=\"async\" width=\"1080\" height=\"681\" src=\"https:\/\/gossipafrique.com\/wp-content\/uploads\/2025\/12\/Screenshot_2025-12-24-22-21-14-60_7ecc343528d84aae1423bfb8eca3bd44.jpg\" class=\"attachment-post-thumbnail size-post-thumbnail wp-post-image\" alt=\"Sarah recadre Hulda apr\u00e8s une pol\u00e9mique autour d\u2019une promesse financi\u00e8re\" style=\"object-fit:cover;\" srcset=\"https:\/\/gossipafrique.com\/wp-content\/uploads\/2025\/12\/Screenshot_2025-12-24-22-21-14-60_7ecc343528d84aae1423bfb8eca3bd44.jpg 1080w, https:\/\/gossipafrique.com\/wp-content\/uploads\/2025\/12\/Screenshot_2025-12-24-22-21-14-60_7ecc343528d84aae1423bfb8eca3bd44-300x189.jpg 300w, https:\/\/gossipafrique.com\/wp-content\/uploads\/2025\/12\/Screenshot_2025-12-24-22-21-14-60_7ecc343528d84aae1423bfb8eca3bd44-1024x646.jpg 1024w, https:\/\/gossipafrique.com\/wp-content\/uploads\/2025\/12\/Screenshot_2025-12-24-22-21-14-60_7ecc343528d84aae1423bfb8eca3bd44-768x484.jpg 768w\" sizes=\"(max-width: 1080px) 100vw, 1080px\" \/><\/a><\/figure>\n\n<div class=\"wp-block-post-excerpt\"><p class=\"wp-block-post-excerpt__excerpt\">Depuis la fin de Secret Story Afrique saison 2, les tensions entre certaines candidates continuent de faire parler sur les r\u00e9seaux sociaux. Cette fois, c\u2019est Sarah, candidate ivoirienne embl\u00e9matique de la saison, qui se retrouve au c\u0153ur d\u2019une pol\u00e9mique apr\u00e8s avoir fermement recadr\u00e9 Hulda, candidate originaire du Burkina Faso, au sujet d\u2019une promesse financi\u00e8re de\u2026 <\/p><\/div>\n\n\n<hr class=\"wp-block-separator has-css-opacity\"\/>\n\n\n<div class=\"wp-block-post-date\"><time datetime=\"2025-12-24T21:25:01+00:00\">24\/12\/2025<\/time><\/div>\n<\/li><li class=\"wp-block-post post-3087 post type-post status-publish format-standard has-post-thumbnail hentry category-telerealite\">\n<h2 class=\"wp-block-post-title has-large-font-size\"><a href=\"https:\/\/gossipafrique.com\/?p=3087\" target=\"_self\" >Awa Sanoko apporte son soutien \u00e0 Cynthia sur les r\u00e9seaux sociaux<\/a><\/h2>\n\n<figure class=\"alignwide wp-block-post-featured-image\"><a href=\"https:\/\/gossipafrique.com\/?p=3087\" target=\"_self\"  ><img loading=\"lazy\" decoding=\"async\" width=\"1080\" height=\"791\" src=\"https:\/\/gossipafrique.com\/wp-content\/uploads\/2025\/12\/Screenshot_2025-12-22-22-49-29-30_7ecc343528d84aae1423bfb8eca3bd44.jpg\" class=\"attachment-post-thumbnail size-post-thumbnail wp-post-image\" alt=\"Awa Sanoko apporte son soutien \u00e0 Cynthia sur les r\u00e9seaux sociaux\" style=\"object-fit:cover;\" srcset=\"https:\/\/gossipafrique.com\/wp-content\/uploads\/2025\/12\/Screenshot_2025-12-22-22-49-29-30_7ecc343528d84aae1423bfb8eca3bd44.jpg 1080w, https:\/\/gossipafrique.com\/wp-content\/uploads\/2025\/12\/Screenshot_2025-12-22-22-49-29-30_7ecc343528d84aae1423bfb8eca3bd44-300x220.jpg 300w, https:\/\/gossipafrique.com\/wp-content\/uploads\/2025\/12\/Screenshot_2025-12-22-22-49-29-30_7ecc343528d84aae1423bfb8eca3bd44-1024x750.jpg 1024w, https:\/\/gossipafrique.com\/wp-content\/uploads\/2025\/12\/Screenshot_2025-12-22-22-49-29-30_7ecc343528d84aae1423bfb8eca3bd44-768x562.jpg 768w\" sizes=\"(max-width: 1080px) 100vw, 1080px\" \/><\/a><\/figure>\n\n<div class=\"wp-block-post-excerpt\"><p class=\"wp-block-post-excerpt__excerpt\">Alors que la deuxi\u00e8me saison de Secret Story Afrique s\u2019est officiellement achev\u00e9e il y a environ un mois, certains \u00e9v\u00e9nements marquants continuent de faire r\u00e9agir bien au-del\u00e0 de la Maison des Secrets. C\u2019est notamment le cas du diff\u00e9rend qui avait oppos\u00e9 Cynthia, candidate de cette saison, \u00e0 Sarah, repr\u00e9sentante de la C\u00f4te d\u2019Ivoire. Un \u00e9pisode\u2026 <\/p><\/div>\n\n\n<hr class=\"wp-block-separator has-css-opacity\"\/>\n\n\n<div class=\"wp-block-post-date\"><time datetime=\"2025-12-22T21:51:22+00:00\">22\/12\/2025<\/time><\/div>\n<\/li><li class=\"wp-block-post post-3082 post type-post status-publish format-standard has-post-thumbnail hentry category-people\">\n<h2 class=\"wp-block-post-title has-large-font-size\"><a href=\"https:\/\/gossipafrique.com\/?p=3082\" target=\"_self\" >France, finaliste de Secret Story Afrique saison 2, annonce une collaboration avec l\u2019artiste Paulo Chakal<\/a><\/h2>\n\n<figure class=\"alignwide wp-block-post-featured-image\"><a href=\"https:\/\/gossipafrique.com\/?p=3082\" target=\"_self\"  ><img loading=\"lazy\" decoding=\"async\" width=\"1080\" height=\"605\" src=\"https:\/\/gossipafrique.com\/wp-content\/uploads\/2025\/12\/Screenshot_2025-12-21-23-32-28-02_1c337646f29875672b5a61192b9010f9.jpg\" class=\"attachment-post-thumbnail size-post-thumbnail wp-post-image\" alt=\"France, finaliste de Secret Story Afrique saison 2, annonce une collaboration avec l\u2019artiste Paulo Chakal\" style=\"object-fit:cover;\" srcset=\"https:\/\/gossipafrique.com\/wp-content\/uploads\/2025\/12\/Screenshot_2025-12-21-23-32-28-02_1c337646f29875672b5a61192b9010f9.jpg 1080w, https:\/\/gossipafrique.com\/wp-content\/uploads\/2025\/12\/Screenshot_2025-12-21-23-32-28-02_1c337646f29875672b5a61192b9010f9-300x168.jpg 300w, https:\/\/gossipafrique.com\/wp-content\/uploads\/2025\/12\/Screenshot_2025-12-21-23-32-28-02_1c337646f29875672b5a61192b9010f9-1024x574.jpg 1024w, https:\/\/gossipafrique.com\/wp-content\/uploads\/2025\/12\/Screenshot_2025-12-21-23-32-28-02_1c337646f29875672b5a61192b9010f9-768x430.jpg 768w\" sizes=\"(max-width: 1080px) 100vw, 1080px\" \/><\/a><\/figure>\n\n<div class=\"wp-block-post-excerpt\"><p class=\"wp-block-post-excerpt__excerpt\">R\u00e9v\u00e9l\u00e9e au grand public gr\u00e2ce \u00e0 sa participation remarqu\u00e9e \u00e0 Secret Story Afrique saison 2, France continue de faire parler d\u2019elle bien apr\u00e8s la fin de l\u2019\u00e9mission. Finaliste de cette saison tr\u00e8s suivie, la jeune femme s\u2019impose progressivement comme une figure montante du paysage m\u00e9diatique africain. Derni\u00e8re actualit\u00e9 en date : France a partag\u00e9 une\u2026 <\/p><\/div>\n\n\n<hr class=\"wp-block-separator has-css-opacity\"\/>\n\n\n<div class=\"wp-block-post-date\"><time datetime=\"2025-12-21T22:30:47+00:00\">21\/12\/2025<\/time><\/div>\n<\/li><\/ul><\/div>\n","protected":false},"excerpt":{"rendered":"","protected":false},"author":1,"featured_media":0,"parent":0,"menu_order":0,"comment_status":"open","ping_status":"closed","template":"","meta":{"_uag_custom_page_level_css":"","footnotes":""},"class_list":["post-2719","page","type-page","status-publish","hentry"],"aioseo_notices":[],"_hostinger_reach_plugin_has_subscription_block":false,"_hostinger_reach_plugin_is_elementor":false,"uagb_featured_image_src":{"full":false,"thumbnail":false,"medium":false,"medium_large":false,"large":false,"1536x1536":false,"2048x2048":false},"uagb_author_info":{"display_name":"R\u00e9daction Gossip Afrique","author_link":"https:\/\/gossipafrique.com\/?author=1"},"uagb_comment_info":0,"uagb_excerpt":null,"jetpack_sharing_enabled":true,"_links":{"self":[{"href":"https:\/\/gossipafrique.com\/index.php?rest_route=\/wp\/v2\/pages\/2719","targetHints":{"allow":["GET"]}}],"collection":[{"href":"https:\/\/gossipafrique.com\/index.php?rest_route=\/wp\/v2\/pages"}],"about":[{"href":"https:\/\/gossipafrique.com\/index.php?rest_route=\/wp\/v2\/types\/page"}],"author":[{"embeddable":true,"href":"https:\/\/gossipafrique.com\/index.php?rest_route=\/wp\/v2\/users\/1"}],"replies":[{"embeddable":true,"href":"https:\/\/gossipafrique.com\/index.php?rest_route=%2Fwp%2Fv2%2Fcomments&post=2719"}],"version-history":[{"count":4,"href":"https:\/\/gossipafrique.com\/index.php?rest_route=\/wp\/v2\/pages\/2719\/revisions"}],"predecessor-version":[{"id":2837,"href":"https:\/\/gossipafrique.com\/index.php?rest_route=\/wp\/v2\/pages\/2719\/revisions\/2837"}],"wp:attachment":[{"href":"https:\/\/gossipafrique.com\/index.php?rest_route=%2Fwp%2Fv2%2Fmedia&parent=2719"}],"curies":[{"name":"wp","href":"https:\/\/api.w.org\/{rel}","templated":true}]}}